 n + -32. What are the prime factors of l?
19
Suppose -48*y - 10 = -50*y. Suppose y*r - 405 = n, 0 = r + 5*n - 0*n - 55. List the prime factors of r.
2, 5
Suppose 41 + 584 = 5*k. What are the prime factors of k?
5
Let d(l) = -16*l - 97. Let c be d(-28). Suppose c - 97 = a. What are the prime factors of a?
2, 127
Suppose 4*r - 23 = -2*c + 3*c, 2*r - 1 = -3*c. Suppose -r*u + 5 + 20 = 0. Let k = u + 6. List the prime factors of k.
11
Suppose -r - 3*r - 8 = 0. List the prime factors of (108/(-21))/(r/14).
2, 3
Let s(v) = 111*v + 3. What are the prime factors of s(5)?
2, 3, 31
Let j = -65 + 114. Let n = j - 6. What are the prime factors of n?
43
Let x = -129 + 68. Let s = 46 + 46. Let h = x + s. What are the prime factors of h?
31
Let y(a) = -a**3 + 19*a**2 - 32*a + 4. What are the prime factors of y(14)?
2, 67
Suppose 9*z - 2860 = -5*x + 4*z, 3*z = 4*x - 2267. List the prime factors of x.
569
Let g be (-3 - -10 - 4) + -3. Suppose -5*j + 4*j - 10 = g. List the prime factors of (-2830)/(-50) + (-4)/j.
3, 19
Suppose -5*a = 4*x - 13970, -3*x = -4*a - x + 11202. What are the prime factors of a?
2, 1399
Suppose -3*n + 51 + 150 = 0. List the prime factors of n.
67
Suppose i + 345 - 47 = 4*g, -2*i = 4*g - 304. What are the prime factors of g?
3, 5
Suppose 38*b - 52050 - 11106 = 0. What are the prime factors of b?
2, 3, 277
Suppose 47 - 2 = -5*v. Let g be (-2)/(-9) + (-79)/v. Suppose -g + 63 = f + 5*y, 5*f - 125 = 4*y. What are the prime factors of f?
29
Let c be (135/(-12))/((-2)/8). Suppose 0 = 2*y - 10, 4*y - c = 5*z + 2*y. Let g(x) = -x**2 - 9*x + 9. List the prime factors of g(z).
23
Let y(r) = 3*r. Let h be y(3). Let k be 13/((-91)/(-63)) + 123. Suppose k = -7*i + h*i. List the prime factors of i.
2, 3, 11
Suppose -11*f - 66 = -3883. What are the prime factors of f?
347
Let m = 31 + 2088. List the prime factors of m.
13, 163
Suppose -4*j = j - 30. Suppose -5*m + j = -4. Suppose 0 = s - m - 17. List the prime factors of s.
19
Let x(f) = -f + 7. Let w be x(5). Suppose -211 = -w*b - 77. What are the prime factors of b?
67
Suppose -4*x = -3*x - 2*j - 262, 3*x - j - 776 = 0. Suppose v + 0*h - 45 = -2*h, 0 = 5*v - h - x. What are the prime factors of v?
3, 17
Suppose -c + 2*f + 3 = -0*c, -2*c + 14 = 4*f. Suppose -222 = -2*l - h + 3*h, 2*h = c*l - 546. Suppose -5*o + l = o. What are the prime factors of o?
2, 3
Let o(b) = b. Let h be o(2). Suppose -d = -a + h, -6*a + 2*d + 13 = -a. What are the prime factors of (-3)/(-3 - a)*62?
31
Let k = 15 + -11. Suppose -5*x - 35 = -0*b - 3*b, 0 = -4*b + k*x + 36. What are the prime factors of 20 + 0 + b + -4?
3, 7
Let m(s) = 5*s**2 - 29*s + 2. Let g be 0 + (-32)/(-4) - -1. What are the prime factors of m(g)?
2, 73
Let p = -118 - -188. Suppose -x + p = 6*x. What are the prime factors of x?
2, 5
Let r(f) = -f - 12. Let z be r(-14). Suppose 5*u - 19 = -g, -z*g + 0*g + 3*u = -51. What are the prime factors of g?
2, 3
Suppose -2*l + 0*p + p + 11 = 0, -22 = -3*l - 4*p. List the prime factors of (176/l)/(6/18).
2, 11
Let u = 1 + 2. Suppose u*y - 3 = -3*a, 2*a - 4 = -3*y - 0*a. What are the prime factors of y/(-7) - (-180)/42?
2
Suppose -x + 3*y + 46 = -681, -5*y = -x + 727. List the prime factors of x.
727
Suppose -862*i + 865*i - 2754 = 0. List the prime factors of i.
2, 3, 17
Let z = -34 + -297. Let f = -218 - z. What are the prime factors of f?
113
Suppose 3*u - d = 294 - 48, 4*u = 2*d + 328. Suppose 3*f + 1 = 10. Suppose g + u = 4*h, f*g + 68 = 3*h + 2. What are the prime factors of h?
2, 5
Let j = -140 - -138. Let x(b) be the third derivative of -b**6/40 + b**5/60 - b**4/12 + b**3/6 + b**2. What are the prime factors of x(j)?
3, 11
Let k(h) = -17*h**2 - 5*h**3 + 9*h**2 + 3*h + 3*h**2 + 7 + 12*h**2. List the prime factors of k(-3).
2, 7
Let i be 4/16 + -3 + 323/4. What are the prime factors of (15*-2)/(i/(-884))?
2, 5, 17
Let j be (-55)/(-11) + (0 - 2). Let z = j + -2. List the prime factors of ((-25)/(-20))/(z/8).
2, 5
Suppose -2*d + 4*g = 0, d - 3 = -3*d + 5*g. List the prime factors of 13 - (d - 18/3).
17
Suppose -4*b = 161 - 401. Let n = b + 33. List the prime factors of n.
3, 31
Let x(c) = -c**2 - c - 1. Let i(g) = -g - 57. Let f(v) = -i(v) + x(v). List the prime factors of f(0).
2, 7
Suppose 10*a - 7*a + 24 = -4*m, 0 = -4*m + 3*a. Let s = m + 172. List the prime factors of s.
13
Let j(r) = 5*r**2 + 6*r + 1. Let z(i) = -9*i**2 - 12*i - 2. Let x(h) = -7*j(h) - 4*z(h). Let m be x(-5). Let y(u) = -4*u + 10. List the prime factors of y(m).
2, 13
Let k be (20/(-12))/(1/(-174)). Suppose -4*m + 12 = f - 23, 5*f - k = 3*m. What are the prime factors of f?
5, 11
Suppose -96 = -2*x + 40. Suppose -97 - x = -3*q. List the prime factors of q.
5, 11
Let z(c) = -c - 2. Let x be z(-5). Suppose w - x - 2 = -2*i, 4*w = -2*i - 10. Suppose -i*h = 4*y - 187, 12 = h - 5*y - 37. What are the prime factors of h?
3, 13
Suppose 0 = -4*s + 8. Suppose 2*d + 3*b = 27, -4*b + s = -7*d + 4*d. List the prime factors of d.
2, 3
Let d = 69 - 52. Let s(z) = -z**3 + 17*z**2 + 11*z + 25. What are the prime factors of s(d)?
2, 53
Suppose -3*o + 264 = 3*o. List the prime factors of ((-3)/(-4))/(1/o).
3, 11
Let w = -148 - -142. Let u(a) = a**3 + 10*a**2 + 23*a - 4. What are the prime factors of u(w)?
2
Suppose v + 3672 = 4*l + 6*v, 5*l + 2*v - 4607 = 0. List the prime factors of l.
13, 71
Suppose 4*d - 2*j - 14 = 0, -j = -d - 3*j + 1. Let t = 82 + d. What are the prime factors of t?
5, 17
Let h = 560 - 124. What are the prime factors of h?
2, 109
Let l(g) = -77*g + 214*g - 110*g. What are the prime factors of l(6)?
2, 3
Suppose 92 - 98 = -d. What are the prime factors of (5/(-3))/(d/(-18))?
5
Let a be (-10)/4*(-24)/30. Let c be 1 + (0 - (-2)/a). Suppose -2*t - c*z + 28 = 3*z, 0 = t - 2*z - 32. List the prime factors of t.
2, 3
Let z(u) be the second derivative of -u**4/12 + 5*u**3/6 + u**2/2 - 12*u. What are the prime factors of z(3)?
7
Suppose 435 = 7*i + 1240. Let b = 1 - i. List the prime factors of b.
2, 29
Let l = 5 - 1. Suppose -g = l*g - 115. Suppose 4*n - 5 - 20 = -v, -3*v + n + g = 0. List the prime factors of v.
3
Let c = 7 - -1. Let q be (2/8)/(-5 + (-57)/(-12)). Let o = c - q. List the prime factors of o.
3
Suppose -2*f + 31 + 19 = 0. Suppose -9*t + 14*t - f = 0. Suppose t*k - 31 = 9. What are the prime factors of k?
2
Suppose -3*m + 409 = -407. List the prime factors of m.
2, 17
Suppose -5*f - 32 = -3*s, 5*s + f - 8 = 8. Suppose -s*y + 9*y = 460. What are the prime factors of y?
2, 23
Suppose -3*k = -5 + 23. Let f be k/(-10) - 74/(-10). Let v = f + 35. List the prime factors of v.
43
Let o = 73 + -77. List the prime factors of -1*((-45)/5 + o).
13
Let f = -176 + 329. Let x = f - -56. List the prime factors of x.
11, 19
Let q be (-26)/4 + 5 + 6/4. Suppose q = -3*b - 3*s + 177, -b - 5*s + 54 = -3*s. What are the prime factors of b?
2
List the prime factors of (6/(-4))/((-1 - -7)/(-516)).
3, 43
Suppose -5*l + 3*u - 2*u + 135 = 0, 2*u = 3*l - 88. Let k(h) = -h - 13. Let y be k(0). Let j = y + l. List the prime factors of j.
13
Let r be -4 + 1 - (203 + 0). Let k = r + 461. List the prime factors of (20/(-6))/((-34)/k).
5
Suppose -3*q + 2*o = -907, -4*q = 5*o - 703 - 514. What are the prime factors of q?
3, 101
Let f = 677 - -1059. List the prime factors of f.
2, 7, 31
Let y(z) be the third derivative of 37*z**6/120 + z**5/30 - z**4/24 + 20*z**2. Suppose 2*j - 5 + 3 = 0. List the prime factors of y(j).
2, 19
Let y(i) = i - 3. Let m be y(6). Suppose m*f - 26 = f. List the prime factors of f.
13
Suppose 459 + 61 = 5*g. List the prime factors of g.
2, 13
Let s(t) = -4*t**3 + t**2 - 2*t - 3. Let v be s(-2). Suppose 2*u - 45 = 3*q, 0 = -4*u - 4*q + 23 + v. Let f = u - 9. List the prime factors of f.
3
Suppose 0 = 4*z - a - 2*a - 951, 0 = 4*z - 4*a - 952. What are the prime factors of z?
3, 79
Suppose -3*i - 1 = -10. Suppose y - 4*x = i*y + 12, y + 4*x + 14 = 0. Let w(t) = 4*t + 2. What are the prime factors of w(y)?
2, 5
Let t = -683 - -1152. List the prime factors of t.
7, 67
Let b be (-11 - 12/(-4))/(-2). Suppose 0 = b*i - 5 - 3. List the prime factors of i.
2
Let x be -6 + 10 + 0 + 0. Suppose x*t - 2*t = 3*w - 47, -42 = -3*w - 3*t. What are the prime factors of w?
3, 5
Suppose -5*k - 60 = -5*x, -3*k - 7 = 8. Suppose x*r - 3*r = 8. Suppose d - 5 +